vide 3930338978?
False
Is 33436917 a multiple of 1218?
False
Is 67 a factor of 432180083?
True
Is 124376388 a multiple of 452?
True
Is 631098248 a multiple of 248?
True
Is 417 a factor of 134336658?
False
Is 49080791 a multiple of 251?
True
Does 84 divide 22398934?
False
Does 22 divide 6908927?
False
Is 678 a factor of 1610917152?
True
Does 206 divide 290639288?
False
Is 816273725 a multiple of 18?
False
Does 17 divide 205920031?
True
Does 6 divide 1153365942?
True
Does 336 divide 658904736?
True
Is 2950257828 a multiple of 77?
False
Is 68934505 a multiple of 97?
True
Is 5252866 a multiple of 5?
False
Is 185 a factor of 479890?
True
Does 18 divide 170277967?
False
Is 113244621 a multiple of 21?
True
Is 58 a factor of 17746144?
True
Does 42 divide 145738274?
False
Is 224 a factor of 9926336?
True
Is 173534896 a multiple of 17?
False
Is 1303304969 a multiple of 22?
False
Does 15629 divide 5040077717?
False
Is 976338492 a multiple of 12?
True
Is 35238284 a multiple of 313?
False
Does 222 divide 25379687?
False
Is 147 a factor of 17440521?
True
Does 192 divide 114313238?
False
Is 21 a factor of 9670109?
False
Is 4 a factor of 88094844?
True
Is 483862632 a multiple of 2728?
True
Does 63 divide 2050279056?
True
Is 3324 a factor of 150019556?
False
Does 3 divide 2318167?
False
Is 168 a factor of 1949232?
False
Is 40591705 a multiple of 134?
False
Is 153150891 a multiple of 3275?
False
Does 1336 divide 1150945296?
True
Is 28354820 a multiple of 26?
True
Is 1053 a factor of 192784293?
True
Does 285 divide 61764630?
True
Does 1665 divide 145587600?
True
Is 34 a factor of 114234890?
False
Is 132414867 a multiple of 201?
False
Is 26391972 a multiple of 116?
True
Does 22 divide 115647400?
True
Does 4 divide 126803448?
True
Does 327 divide 1645514358?
True
Is 245027552 a multiple of 2513?
True
Is 114172380 a multiple of 3255?
True
Is 18 a factor of 11900970?
True
Is 128092758 a multiple of 358?
True
Does 225 divide 32712179?
False
Does 328 divide 2376748680?
True
Does 45 divide 726276159?
False
Is 9 a factor of 3380166?
True
Is 184 a factor of 9137808?
True
Does 550 divide 48007850?
True
Does 54 divide 13815551?
False
Is 12 a factor of 242975196?
True
Does 25 divide 134349900?
True
Is 15300043 a multiple of 161?
False
Is 762 a factor of 1091184?
True
Is 113690284 a multiple of 4?
True
Is 21 a factor of 179601898?
False
Does 22 divide 135544091?
False
Is 293 a factor of 542092992?
False
Does 40 divide 1427880?
True
Is 812196 a multiple of 308?
True
Is 7967014 a multiple of 28?
False
Is 2044 a factor of 906475164?
True
Is 322 a factor of 3197690470?
False
Is 261 a factor of 147148866?
False
Is 32 a factor of 472201267?
False
Is 1641692105 a multiple of 3227?
False
Is 134 a factor of 915644244?
True
Does 75 divide 336449475?
True
Is 338556855 a multiple of 5915?
True
Is 177 a factor of 567976209?
False
Is 66340821 even?
False
Does 1074 divide 2734679292?
False
Is 17 a factor of 41365874?
False
Is 55780384 a multiple of 44?
True
Is 24 a factor of 63622884?
False
Is 1057417510 a multiple of 83?
True
Is 1419 a factor of 1939628262?
True
Is 211 a factor of 108948795?
True
Is 7174774 a multiple of 26?
False
Is 36 a factor of 216967428?
True
Is 207175248 a multiple of 2961?
True
Does 1527 divide 353224113?
True
Is 12 a factor of 854157240?
True
Does 200 divide 76618223?
False
Is 57 a factor of 1325921147?
False
Is 22 a factor of 43017972?
False
Is 1865403279 a multiple of 7241?
False
Is 156 a factor of 52418550?
False
Is 98359360 a multiple of 440?
True
Is 502 a factor of 3765502?
True
Does 956 divide 751045072?
True
Is 3545116 a multiple of 218?
True
Does 814 divide 12642234?
True
Does 1140 divide 5336815503?
False
Does 4 divide 18415256?
True
Is 48 a factor of 237741098?
False
Is 444 a factor of 1158858?
False
Is 6176 a factor of 682182432?
True
Is 38 a factor of 5384988?
False
Is 55 a factor of 1103950650?
True
Does 323 divide 25627789?
True
Is 24749732 a multiple of 28?
True
Is 2192 a factor of 323449328?
True
Does 25 divide 167116600?
True
Is 193674546 a multiple of 279?
True
Does 401 divide 28124937?
True
Is 1601 a factor of 1967065765?
False
Is 1549 a factor of 5508244?
True
Is 5334106 a multiple of 40?
False
Is 93000171 a multiple of 20?
False
Is 2058541463 a multiple of 533?
False
Is 71 a factor of 177296098?
False
Is 15 a factor of 32431769?
False
Is 858 a factor of 1125496366?
False
Is 108 a factor of 826788633?
False
Does 198 divide 2102203?
False
Is 15 a factor of 410978999?
False
Is 44775821 even?
False
Is 936 a factor of 17766216?
True
Does 13 divide 11735698?
True
Is 306806 a multiple of 358?
True
Does 1345 divide 88644941?
False
Is 3 a factor of 5466690?
True
Is 155 a factor of 127260425?
True
Is 44479892 a multiple of 170?
False
Is 505 a factor of 222425230?
True
Is 162963 a multiple of 4?
False
Is 26 a factor of 629966309?
False
Is 2638039150 a multiple of 176?
False
Does 68 divide 722233459?
False
Is 5438829720 a multiple of 6936?
True
Does 1580 divide 502966140?
True
Does 13 divide 260827996?
True
Does 1872 divide 210208752?
True
Is 2179 a factor of 892553264?
True
Does 23 divide 913382?
False
Is 689 a factor of 3638973874?
False
Does 5099 divide 972743429?
False
Is 198577871 a multiple of 154?
False
Is 972 a factor of 34466148?
True
Is 92 a factor of 692566863?
False
Is 27941971 a multiple of 21?
False
Does 557 divide 41130710?
False
Is 3748065 a multiple of 41?
False
Is 1211522 even?
True
Is 1900 a factor of 23763300?
True
Does 17971 divide 3116745704?
False
Does 100 divide 109425200?
True
Does 335 divide 285251325?
False
Does 24 divide 131857973?
False
Is 686 a factor of 1517543818?
True
Is 16 a factor of 233999008?
True
Does 147 divide 4808848?
False
Does 28 divide 221384201?
False
Is 3 a factor of 128024532?
True
Is 611 a factor of 22946105?
True
Does 1438 divide 124712908?
False
Is 32 a factor of 29164636?
False
Does 38 divide 576246847?
False
Is 288832375 a multiple of 65?
True
Does 9 divide 8031096?
True
Is 10648071 a multiple of 726?
False
Is 809 a factor of 1637455421?
False
Is 157012551 a multiple of 173?
True
Is 8081137 a multiple of 19?
True
Does 147 divide 142644684?
True
Does 84 divide 28302620?
False
Does 954 divide 13204314?
True
Does 20 divide 26309740?
True
Is 57 a factor of 161100677?
False
Does 68 divide 266891435?
False
Is 193 a factor of 12979520?
False
Is 23 a factor of 315698943?
True
Is 2622 a factor of 49464030?
True
Is 211 a factor of 51311589?
False
Is 438 a factor of 8605380?
False
Is 1759471328 a multiple of 4832?
True
Does 26 divide 2311660?
True
Is 2 a factor of 62894121?
False
Is 17794696 a multiple of 43?
False
Is 365036328 a multiple of 1506?
True
Is 74 a factor of 102088254?
True
Is 28 a factor of 222349764?
True
Does 19 divide 1955629226?
True
Is 541 a factor of 16978268?
False
Does 19 divide 446332748?
False
Does 18 divide 7215207876?
True
Is 3782800415 a multiple of 7?
False
Is 11 a factor of 38838767?
True
Is 4 a factor of 1047074912?
True
Is 148 a factor of 2190104?
True
Is 203458146 a multiple of 31?
True
Does 535 divide 100125126?
False
Is 11418177 a multiple of 47?
False
Does 311 divide 447961129?
False
Is 10903359 a multiple of 212?
False
Is 2207006753 a multiple of 1681?
True
Is 76 a factor of 2360560?
True
Does 436 divide 823460120?
True
Is 42372974 a multiple of 4?
False
Is 3830 a factor of 17671341?
False
Is 1743469527 a multiple of 3791?
True
Does 3284 divide 844533144?
True
Is 2 a factor of 704385266?
True
Is 15 a factor of 1192095165?
True
Is 900287807 a multiple of 42?
False
Does 26 divide 17665925?
False
Is 199403160 a multiple of 1329?
True
Is 992 a factor of 497284409?
False
Is 63 a factor of 113566613?
False
Does 100 divide 283790712?
False
Is 229 a factor of 326549878?
True
Does 42 divide 11963070?
True
Is 6 a factor of 771247455?
False
Is 19704943 a multiple of 186?
False
Is 112743258 a multiple of 31?
False
Is 267 a factor of 89724800?
False
Does 7 divide 7068237?
False
Is 696579552 a multiple of 2532?
False
Is 28 a factor of 29412545?
False
Is 16 a factor of 51010204?
False
Is 2522 a factor of 921094230?
False
Is 16075580 a multiple of 29?
False
Is 1681238656 a multiple of 16?
True
Is 241384280 a multiple of 10?
True
Is 23292293 a multiple of 4877?
False
Does 571 divide 203580756